et r be (14/(-4))/((-3)/6). Let p(j) = 1466 + 1526 - 2998 - 3*j + j**2. Calculate p(r).
22
Suppose 11*g + 70*g - 39 = -120. Let o(z) = 4*z - 1. Give o(g).
-5
Let t be 1 + (-3)/6 + (-162)/12. Let j(s) = 4*s**3 + 7*s**2 - 3*s + 9. Let z(n) = 5*n**3 + 5*n**2 - 4*n + 9. Let g(d) = 4*j(d) - 3*z(d). Determine g(t).
9
Let x(p) = 7*p - 54. Let z be x(10). Let i be (z/(-24))/(10/135). Let u(g) = g - 5. Give u(i).
-14
Let t be (-5)/((-45)/(-6))*-6. Suppose 5 - 21 = -t*m. Let j(g) be the first derivative of g**3/3 - 5*g**2/2 + 3*g - 192. Give j(m).
-1
Let v be 1*(-5 - 1) + (9 + -47 - -44). Let i(j) be the third derivative of -1/120*j**6 + v - 5/24*j**4 + 1/10*j**5 + 0*j - 6*j**2 - 1/3*j**3. Give i(5).
-2
Let z be 66/(-715)*-20 + (-10)/(-65). Let g(q) = 3*q**3 - 5*q**2 + 4*q - 8. What is g(z)?
4
Let r(l) = l**2 + 10*l + 21. Suppose 32 = -61*g + 57*g. Let y be r(g). Suppose -y*t + 5 = 0, -6*t = 5*s - 3*t + 17. Let b(c) = 2*c - 3. Determine b(s).
-11
Let s(h) = -2*h - 7. Let o be s(-5). Let v = 204 + -196. Let p(d) = -d**o + 0*d + v*d**2 + 4*d + 5 - 12*d**2. Calculate p(-4).
-11
Let i(d) = -d**3 - 9*d**2 + 9*d - 15. Let w(z) = -z**3 + 51*z**2 + z - 61. Let s be w(51). Give i(s).
-5
Let m(p) = p - 6*p - 4 + 15 - 14. Let r(y) = -41*y**2 + 2*y. Let z be r(-1). Let q = z - -41. Determine m(q).
7
Let p(l) = -2*l - 6 - l + 4*l + 0*l. Suppose -7 = 3*d - 16. Suppose -2*y - 3*s = y - 27, 5*s = d*y + 5. Calculate p(y).
-1
Let m(d) = -2*d + 5. Let o(s) = -1. Let p(i) = -m(i) - 2*o(i). Determine p(3).
3
Let x(r) be the third derivative of r**5/30 - r**4/4 + r**3/3 - r**2. Suppose 898*g + 898*g + 24 = 1802*g. Calculate x(g).
10
Let f(j) be the third derivative of -j**4/12 - 15*j**2. Suppose -p + 5*x - x - 15 = 0, -6 = -2*x. What is f(p)?
6
Suppose -8*l + 5*l - 2*r = -5, 0 = 5*l - 4*r - 23. Suppose -8*y + l = -77. Let z(x) = 2*x**2 - 21*x + 10. Determine z(y).
0
Let i(p) = 25*p**2 + 2*p + 1. Let m = -15982 + 15983. Give i(m).
28
Let z(j) = -9*j + 109. Let r be 22 - ((-135)/(-36))/((-20)/(-64)). What is z(r)?
19
Let m(h) be the second derivative of 17*h**4/3 + h**3/3 + 4022*h. Give m(1).
70
Suppose 3*b = -2*g + 3, -g - 2 - 14 = 5*b. Let c(t) be the first derivative of 5*t**2/2 - 7*t + 923. What is c(g)?
38
Let x be 4/6 - 7/(-21) - (-34 + 29). Let v(h) = h**2 - 8*h + 19. Calculate v(x).
7
Suppose 5*v + v = 24. Let h(d) = -d**3. Let n(w) = -5*w**3 - 8*w**2 + 11*w + 8. Let u(p) = v*h(p) - n(p). Give u(-9).
10
Let z(j) = 5*j**2 - 3*j**2 - 6 + 8609*j + j**2 + 2*j**2 - 8607*j - j**3. Let s(p) = 7*p**2 - 2*p + 1. Let h be s(1). Let y be -15*(3 + (-20)/h). Give z(y).
4
Suppose -4122 = 537*i - 67*i - 11642. Let w(h) = -2*h**2 + 33*h - 19. Calculate w(i).
-3
Let g(f) = -5*f**3 + 6*f**3 + 13 + 6*f - 16*f**2 - 8*f + 11*f**2. Determine g(6).
37
Let o(q) = 4*q + 36. Let a be (20/14)/((-24 + 16)/56). Give o(a).
-4
Let q(x) = x**3 + 9*x**2 + 10*x + 10. Suppose 2*s - 4*k - 18 = 0, 22*s - 25*s = 5*k - 5. Suppose 0*y = s*y - a + 38, -5*a + 30 = -5*y. Determine q(y).
-6
Let q be -2 + 3 + -1 + 2. Let w(f) = 7 + f**2 - 9*f + f + f - 2*f**q. Suppose -7 = 4*h + 21. What is w(h)?
7
Let a(n) = -4*n - 7. Let p be a(-3). Let d(v) = v - 3. Let j(h) = 4*h - 5. Let r(g) = 5*d(g) - j(g). Give r(p).
-5
Let i(o) = 2*o**3 - 5*o**2 + 8*o - 7. Let z be i(2). Let g(a) = 5*a**2 + 3*a - 11. Let w(u) = -4*u**2 - 3*u + 10. Let h(k) = z*g(k) + 6*w(k). What is h(4)?
9
Let t(o) = 3*o**3 + 20*o**2 - 253*o + 42. Let b(z) = 2*z**3 + 11*z**2 - 169*z + 27. Let s(r) = 8*b(r) - 5*t(r). What is s(-5)?
16
Let y(q) = 6*q - 17*q + 46*q - 7 - 37*q. Suppose 3*w + 0*w = -21. Determine y(w).
7
Let h(t) be the first derivative of -10*t**2 - 115*t + 4043. Calculate h(-7).
25
Suppose 2*p + 3*f = 4*f + 55, 60 = 3*p + 3*f. Let q = p - 10. Suppose 0*y = -5*y + q. Let k(j) = -j**2 + j - 3. Calculate k(y).
-9
Let q(j) = -j**3 - 17*j**2 + 62*j + 36. Let b be q(-20). Let h(f) = 3*f**2 + 5*f - 3. What is h(b)?
25
Suppose 3 = -5*n + 13. Let v be -2*(4 - (n - 3)). Let p(k) = -3*k**2 - 12*k + 11. Let l(c) = 13*c**2 + 49*c - 51. Let h(d) = -2*l(d) - 9*p(d). Determine h(v).
3
Let i(o) = -o + 26. Let f = 1684 - 1661. Give i(f).
3
Let o(l) be the third derivative of l**6/120 + l**5/15 - l**4/6 + l**3/2 + l**2 + 4*l - 15. Suppose 2*d + 10 = -0. Give o(d).
-2
Let w be 38 + (-1 - 3) + -2. Let f = -30 + w. Let j(z) = z**f - 2*z**2 + 2*z**2 + 3 - 7. Determine j(4).
12
Let t(q) = q + 6. Suppose 13*w - 17 = 61. Suppose 2*r - 3*h = w, 17*r = 22*r - 4*h - 1. Give t(r).
3
Let m(z) = 73*z + 50*z + 12340*z**2 - 12358*z**2 + 9. What is m(7)?
-12
Let a = -2766 - -2766. Let g(v) = 3*v**3 - 2*v**2 - 10. Calculate g(a).
-10
Let g(h) be the first derivative of h**4/4 - 7*h**3/3 + 11*h**2/2 - 7*h + 56. Let l(o) = -4*o**3 + 27*o**2 - 45*o + 28. Let q(n) = -9*g(n) - 2*l(n). Give q(8).
-1
Let b(v) be the third derivative of v**6/360 + 3*v**5/40 + v**4/6 + 13*v**3/2 - v**2 - 29*v. Let y(f) be the first derivative of b(f). What is y(-7)?
-10
Let a(c) = -204 + 21*c + 79 + 26 + 23. Determine a(4).
8
Let g(p) = p**3 + 8*p**2 - 5*p - 15. Let h(a) = -a**3 - 8*a**2 + 5*a + 14. Let x be 2/(-2 + 2 + 1). Let t(s) = x*g(s) + 3*h(s). Determine t(-8).
-28
Let z = -18 - -25. Let s(i) = 7*i**3 - 14*i**2 + 13*i. Suppose -x = -300 + 294. Let w(a) = a**3 - a**2 + a. Let u(j) = x*w(j) - s(j). Determine u(z).
0
Let s be 2/1*5/(-2). Let f(r) be the first derivative of 7/2*r**2 + 0*r + 238 + 1/4*r**4 + 2*r**3. Determine f(s).
-10
Let q(s) = -14*s - 11. Let p(k) = -5*k - 4. Suppose -4*w + 24 = -36. Let z = -2 - w. Let t(f) = z*p(f) + 6*q(f). Give t(4).
6
Let v(j) be the second derivative of j**6/180 + j**5/60 + 83*j**4/12 + 205*j. Let o(r) be the third derivative of v(r). Give o(-1).
-2
Let y(a) = 2*a**3 + a**2 - 1. Suppose 28 = q - 5*n, -4*q - 5*n - 8 = -n. Suppose 0 = 3*g + 2*t - 41, -22 = -g + q*t - 2*t. Suppose 22*p = g*p + 5. What is y(p)?
2
Let a = 17 + -14. Let j be (287/(-35) + 10)/(a/10). Let h(w) be the second derivative of -w**5/20 + 7*w**4/12 - 5*w**3/6 - 4*w**2 + w. Determine h(j).
-2
Suppose 7*n - 49*n = 504. Let f(r) = r - 10. Let w(z) = -6*z + 7. Let l(s) = s - 1. Let d(b) = 5*l(b) + w(b). Let t(u) = n*d(u) - 3*f(u). Determine t(-4).
-30
Let y be -1*9 - (-192)/48. Let a(h) = 5*h**2 - 49*h - 9. Let p(f) = 6*f**2 - 61*f - 10. Let l(g) = -5*a(g) + 4*p(g). Give l(y).
-25
Let c be (-9)/(9/2) - -20. Suppose -t = -5*u + 12, 0 = u + u + 4*t - c. Let f(j) = 10*j + 1 - 16*j + u*j. Calculate f(3).
-8
Let h(r) = 2*r + 46. Let o(q) = q**3 - 10*q**2 - 143*q - 11. Let b be o(-8). Give h(b).
8
Let n(j) = 7*j + 2 - 5*j - 21092*j**2 + 21094*j**2. Suppose -2*p + p - 3 = 0. Let o = p + 1. Calculate n(o).
6
Let u(r) be the third derivative of -11*r**5/60 - 9*r**4/8 - r**3/2 - 89*r**2 - 3*r. Determine u(-3).
-21
Let j be (-6)/63*3 - 5070/42. Let d = j + 133. Let x(b) = -b - 13. Give x(d).
-25
Let d(x) = x**3 + 4*x**2 - x + 2. Let u(y) = 2*y**3 - 6*y**2 + 2*y - 2. Let j be u(3). Suppose -3*w - 1 = -3*c - 7, -2*c + 2 = -j*w. Give d(c).
-18
Let n be (118/(-3))/(-1) - 50/(-30). Suppose 4*a - n = -5*v, -2*a + 3*v = -5*a + 30. Let i(c) = c**3 - 10*c**2 + 7*c + 2. What is i(a)?
-16
Let s(y) = -5*y**3 + 1. Suppose 324 = 11*g + 610. Let k be 2/(-4) - (-49)/(-2). Let a = g - k. Calculate s(a).
6
Let w(g) = 3*g. Let j(d) = d. Let h(l) = 11*j(l) - 4*w(l). Let u(b) = 2*b**2 - 5*b + 7. Let o be u(1). Give h(o).
-4
Let r(i) be the third derivative of i**6/30 - i**5/20 - i**4/3 + i**3/3 + 5*i**2. Let z be r(4). Let o(q) = -z + 178 - 4*q**2 - q. Calculate o(-2).
-14
Let x(p) = 37*p**2 + 4*p + 4. Let w(k) = 154*k**2 + 16*k + 15. Let m(q) = 6*w(q) - 25*x(q). What is m(-4)?
-10
Let p be (16 - 459/34)*(-36)/15. Let c(n) = -2*n + 15 + 1 + 4*n - 2. Calculate c(p).
2
Let x(k) be the first derivative of -k**4/4 + 22*k**3/3 + 47*k**2/2 + 14*k - 3200. Calculate x(24).
-10
Let n be (-1)/(-2) + 98/21 + -11 + 6. Let u(m) be the third derivative of -2*m**2 + 4/3*m**3 + 1/60*m**5 - n*m**4 + 2 + 0*m. Give u(6).
20
Let a(s) = 926*s + 2774. Let d be a(-3). Let b(q) = -17*q - 67. Calculate b(d).
1
Let y(l) be the first derivative of 9*l**2 - 6*l - 4854. Calculate y(5).
84
Let a be 59/13 + 1146/2483. Let y(o) = o**3 - 4*o**2 - o - 7. Calculate y(a).
13
Let b(n) = -449*n**2 + 435*n**2 - 9*n + 915*n**3 - 916*n**3 - 11. Give b(-13).
